 first derivative of y**4/4 + 4*y**3/3 - 3*y**2/2 + 3*y + 6. Give t(n).
-7
Let s(r) be the first derivative of -r**4/4 + 4*r**3/3 + 5*r**2/2 + 7*r + 23. Suppose 4*v - 5 - 15 = 0. Give s(v).
7
Let z(c) = 7*c**2 - c + 1. Let d(a) = 20*a**2 - 4*a + 3. Let s be (3 - -2) + (9 - 8). Let t(j) = s*d(j) - 17*z(j). Determine t(5).
-9
Let n = 17 + -15. Let q(c) = -3*c - c**2 + 1 + 4*c + 7*c + 2*c**n. Calculate q(-9).
10
Let b(h) be the second derivative of -h**8/6720 + h**7/360 - 7*h**5/120 - 13*h**4/6 - 27*h. Let r(k) be the third derivative of b(k). Determine r(7).
-7
Suppose -8*r - 717 = -733. Let p(h) = -2*h. Calculate p(r).
-4
Let u(l) be the second derivative of l**3/6 + l**2/2 - 2*l + 20. Calculate u(-6).
-5
Let j(g) be the second derivative of -g**3/6 + 7*g**2 + 8*g. Let x(m) = 3*m**2 + 4*m + 6. Let n be x(-2). Give j(n).
4
Let z(g) = 8*g + 3. Suppose o = 2*o - 1, 4*o = 3*k + 4. Suppose 2 = -3*c - k*c + 4*q, 5*c + 9 = q. Calculate z(c).
-13
Let n(l) be the third derivative of 0 - 5*l**2 + 1/60*l**5 - 1/6*l**3 + 0*l + 5/24*l**4. Calculate n(-5).
-1
Let u(g) = -3*g - 7. Suppose 136 + 44 = 20*l. Determine u(l).
-34
Let r(d) = -d**2 + 7*d - 3. Let a(x) = x - 3. Let n = -26 + 45. Suppose n = -5*k + 64. Let v be a(k). Calculate r(v).
3
Let u(w) = w**3 - 6*w**2 + 3*w - 5. Let j(p) = 3*p**2 - 2*p**2 - 12 - 7*p + 10. Let g be j(8). Give u(g).
13
Let n(u) be the first derivative of 4*u + 7/2*u**2 + 20 + 1/3*u**3. Let i be -5*3/((-15)/(-4)). Give n(i).
-8
Suppose 0 = t - 1 + 5, -4*t = 4*k. Let b be 2/k + (-11)/(-2). Let j = 8 - b. Let z(i) = -i**2 - i - 2. Calculate z(j).
-8
Let t(d) be the third derivative of d**5/60 + 7*d**4/24 + d**3 + 2*d**2 + 10. Calculate t(-4).
-6
Suppose -4*q = -4*p - 4, 2*p = p - 4*q + 19. Let v(y) = -2*y**2 + 3*y - 4. Give v(p).
-13
Let n(x) = -x**2 + 2*x - 1. Let g = -20 - -26. Suppose 1 = -4*q + 5*o + 23, 0 = -3*o - g. What is n(q)?
-4
Let a(u) be the third derivative of u**4/24 + 2*u**3 - 2*u**2 - 17. Determine a(-9).
3
Suppose -3*s = 3 + 6. Let h(o) = -5*o - 3. Calculate h(s).
12
Suppose -3*f - 73 + 0 = -4*j, -4*j = 4*f + 144. Let b = f + 28. Let i(r) = r**2 - 4*r + 1. Calculate i(b).
22
Suppose 0 = 9*a - 24*a + 30. Let q(w) = 3*w - 5. What is q(a)?
1
Let j(u) be the first derivative of u**4/4 - 2*u**3/3 - 3*u**2 + 3*u + 121. Determine j(4).
11
Let i = 11 + -22. Let t(l) = -l - 13. Let m be t(i). Let y(q) = -q**2 - 2*q**2 + 4*q**2 + 2*q + 2 + 0*q**2. Calculate y(m).
2
Let m(x) = -13*x - 36. Let y(b) = -6*b - 16. Let u(d) = -4*m(d) + 9*y(d). Determine u(3).
-6
Let h(m) = -m**3 + 8*m**2 - m - 5. Suppose 3*w - 227 = c, 3*w = 4*c + 274 - 50. Suppose -20*y = -84 - w. Determine h(y).
-13
Let x(u) = 2*u - 17. Suppose 30 = -27*g + 32*g. Let z be x(g). Let q(w) = w**3 + 5*w**2 + w + 7. Calculate q(z).
2
Let i be -1*(-84)/1*(-21)/(-14). Let x = i + -130. Let r(l) = -5*l + 2. Give r(x).
22
Let z(b) be the third derivative of -17*b**4/24 - 5*b**3/6 + 23*b**2 - 3*b. Give z(0).
-5
Let h = 65 - 45. Suppose -5*n + n - h = 0. Let q(o) = 2746 - 2741 - o**2 + 0*o**2 - 6*o. Determine q(n).
10
Let k = -83 + 88. Let s(x) = -x**3 + 5*x**2 - 4*x - 5. Give s(k).
-25
Let q(i) = i + 1. Let w(z) = 5*z + 7. Let x(l) = -6*q(l) + w(l). Suppose -2*r = 3*m - 7*m + 4, 4*m = -r + 10. Suppose h + 5 = r*h. Calculate x(h).
-4
Let n(c) = 11*c - 47. Let f(k) = -2*k + 11. Let b(i) = -9*f(i) - 2*n(i). Give b(-7).
23
Let y(m) = 4*m + 37. Suppose 4*d = -238 + 202. Determine y(d).
1
Let v(m) = 44*m - 35. Let i(z) = -19*z + 17. Let p(c) = 9*i(c) + 4*v(c). Determine p(-10).
-37
Suppose 0 = 4*z - 7*z - 4*r - 14, 0 = 5*z + 3*r + 27. Let k(y) = -y**2 - 11*y - 5. Calculate k(z).
25
Let z(w) = w - 7. Suppose i = 2*i + 2. Let o be (4/10)/(i/(-30)). Give z(o).
-1
Let o(d) = 2. Let n(l) = -l**2 + 10*l - 3. Let k(c) = n(c) - 3*o(c). Give k(6).
15
Let i(q) = -22*q - q**2 + 55*q - 27*q + 2 - q. Suppose 2*y + 5*h = 3, -14 + 0 = -4*y - 2*h. Determine i(y).
6
Suppose 0 = 9*j + 4 - 13. Let f(w) = -4*w**3 + w**2 - 2*w + 1. Determine f(j).
-4
Let j(y) = -y**3 + y**2 + 3*y + 1. Let c = 37 + -22. Let f = 24 - c. Suppose 3*w = f*w - 18. Give j(w).
-8
Let n(b) be the third derivative of b**6/120 + b**5/60 - 2*b**3/3 - 61*b**2. Calculate n(-3).
-22
Suppose 1 = 5*t - 4*t. Let f(w) = 10*w**2 - 6*w + 5 - t + 1 - 9*w**2. Suppose 4*c = 20, 0*c = -4*x - 3*c + 31. Determine f(x).
-3
Let t(f) = -1 - 14*f**2 + f**2 + 7*f**2 + 7*f**2 - 7*f. Let i = 11 - 4. What is t(i)?
-1
Let p(w) = 3*w**2 + 7*w + 9. Suppose -11*x - 272 = 57*x. What is p(x)?
29
Let g(m) be the first derivative of -m**4/4 + 7*m**3/3 - m**2/2 + 4*m - 51. What is g(7)?
-3
Let c(l) be the first derivative of l**5/60 + l**4/12 - l**3/3 - 13*l**2/2 + 15. Let a(i) be the second derivative of c(i). Determine a(2).
6
Let c(o) = -o + 689 + o - 1388 + 691 - o. Let a = 2 + -3. Let m = a - -1. Determine c(m).
-8
Let w(x) = -x**2 + 15*x + 2. Let a be w(9). Let q = -61 + a. Let p(m) = m**3 + 4*m**2 - 7*m - 5. Determine p(q).
5
Let d(l) be the first derivative of -1 + 1/3*l**3 + 2*l**2 + 3*l. Suppose -4*i - 11 = -2*s - 27, 2*s = -3*i + 5. What is d(s)?
-1
Let u(w) = 13. Let j(v) = 4*v + 40. Let n(k) = -2*j(k) + 6*u(k). Determine n(1).
-10
Let z(o) = o. Let r = -5 - -19. Suppose u - y - 3 = 0, -3*u + 7*u - 5 = -3*y. Suppose -u*q + r = 22. Give z(q).
-4
Suppose -2*s = -2*a + 18, 2*s + 35 = 3*a + 10. Let c(i) = i**3 - 8*i**2 + 4*i + 19. Give c(a).
-2
Suppose 2*z - 5 = -31. Let r = 9 + z. Let w(s) = -8*s**3 + s**2 + 14*s + 26. Let b(i) = 3*i**3 - 5*i - 9. Let g(h) = -11*b(h) - 4*w(h). Calculate g(r).
-1
Suppose -2*d = -1 - 7. Let x(f) = f**2 - 4*f + 9. Give x(d).
9
Let p(t) = -t - 2. Let l(f) = 4*f + 7. Let x(z) = -3*l(z) - 8*p(z). Let b(c) = c. Let k(g) = 5*b(g) + x(g). Calculate k(6).
1
Let d(c) = -c**3 - 16*c**2 - 2*c - 29. Let k be d(-16). Let p(i) = -13*i**2 - 9*i + 9. Let g(l) = 7*l**2 + 5*l - 5. Let u(h) = k*p(h) + 5*g(h). Give u(-2).
-10
Let j = -2 + 6. Suppose g - 16 = -5*y, g = -3*y + 6*g + j. Let i(h) = -13 + 28*h**2 + 11 + h - 29*h**2. What is i(y)?
-8
Let g = -169 + 165. Let w(h) = -7*h - 5. Give w(g).
23
Suppose 0 = 45*z - 40*z + 25. Let m(c) = 6 - 1 - c**2 - 3 - 3 - 6*c. What is m(z)?
4
Let r(o) = -2*o**2 - 2*o + 4. Let u = -1364 + 1368. Determine r(u).
-36
Let z be 6/(-3) - (-12 + (7 - -1)). Let t(l) = 4*l**2 - 1. Give t(z).
15
Let t(c) = 3 + 2*c - 2 - 3*c. Let w be 1 - (3 + -6 - (-6 + 9)). Determine t(w).
-6
Let w(u) = -3*u**3 - 7*u**2 + 15*u + 23. Let z be w(-3). Let r(j) = j + 11. Determine r(z).
7
Let l(u) = -6*u**3 - 4*u**2 - 2*u + 2. Let w(s) = -s**2 + 20*s + 94. Let q be w(24). What is l(q)?
38
Let r(g) = 3*g. Let s be 8/28 + 2/(-7). Let y(x) = -x - 1. Let a be y(s). Let f be 28/(-16) - a/(-4). Calculate r(f).
-6
Let p(x) = -66*x**3 - 17*x + 4 + 5*x**2 + 24*x + 67*x**3. Give p(-5).
-31
Let n(g) = 2*g + 4. Suppose 4*j - 14 = -4*r + 10, -r - 3 = -2*j. Suppose j = -2*t + 4*c - 19, -37 = 5*t - 4*c. Give n(t).
-6
Let v(u) = -220*u**2 + 13*u + 111*u**2 - 8 + 108*u**2. What is v(12)?
4
Let d(j) = 907*j**3 - 11*j**2 - 7*j - 448*j**3 - 457*j**3. Determine d(6).
-6
Let x(b) = -b**2 - 6*b - 6. Let c be x(-5). Let a = -3 - c. Let m(s) = -19*s - 37. Let n(w) = 16*w + 30. Let r(h) = -4*m(h) - 5*n(h). Give r(a).
6
Let c(r) be the first derivative of 3*r**2 + 7*r + 93. Calculate c(7).
49
Let n = 64 - 50. Suppose 9*c - 20 = n*c. Let z(i) = -2*i - 6. Determine z(c).
2
Suppose -5*k = x + 4*x + 5, -2*k - 5 = 3*x. Let g(f) be the first derivative of -5/3*f**3 + 2*f - 5/2*f**k + 4 - 1/4*f**4. Determine g(-4).
6
Let j(q) = -2*q - 3. Let z(d) = d + 6. Let t(u) = 2*j(u) + 3*z(u). What is t(-6)?
18
Suppose 6*j - 2*j = -3*n - 21, -5*n = 6*j + 31. Let a(s) = 5*s + 24. Calculate a(j).
-6
Suppose 5 = 3*m - 3*x - 1, 4*m = -5*x + 8. Let u(t) = -t**2 - 1 - 15*t + m + 9*t. Determine u(-5).
6
Let f(i) be the third derivative of -i**5/60 + i**4/24 - i**3/6 + 272*i**2. Give f(2).
-3
Let u(p) = 14*p**3 - 46*p**2 + 16*p - 41. Let v(j) = -5*j**3 + 16*j**2 - 5*j + 14. Let i(c) = 4*u(c) + 11*v(c). Let n = -4 + 11. What is i(n)?
4
Let a(w) be the third derivative of -w**7/5040 + w**6/720 - 11*w**5/30 - 24*w**2. Let t(c) be the third derivative of a(c). Determine t(-3).
4
Let i(a) = -a - 3. Let n(k) = 2*k + 4. Let h be n(0). Let u be 3*2*1/(3 - h). Calculate i(u).
3
Let k